et k(g) = -2*g**3 - 25*g**2 - 31*g + 35. Calculate k(-11).
13
Let q(p) = -2*p + 120. What is q(78)?
-36
Let x(z) = -z**3 + 51*z**2 - 543*z + 37. Give x(36).
-71
Let y(b) = -b**3 + 12*b**2 + 64*b + 32. Determine y(16).
32
Let w(l) = 11*l**2 - 60*l + 13. Give w(6).
49
Let u(b) = -100*b + 3404. Calculate u(34).
4
Let i(z) = -z**3 - 40*z**2 - 174*z - 13. What is i(-35)?
-48
Let u(r) = -2*r**3 - 27*r**2 + 22*r + 453. Determine u(-13).
-2
Let a(q) = -9*q**2 + 52*q + 17. Give a(6).
5
Let z(g) = -232*g + 665. Calculate z(3).
-31
Let i(u) = 1127*u - 63124. Determine i(56).
-12
Let t(v) = v**3 + 28*v**2 - 72*v - 87. Determine t(-30).
273
Let o(d) = 8*d**3 + d**2 - 6*d - 3. Calculate o(-3).
-192
Let i(u) = -2*u**3 - 52*u**2 + 11*u + 298. Determine i(-26).
12
Let j(x) = -1915*x + 105325. Calculate j(55).
0
Let s(b) = 12*b - 439. Give s(37).
5
Let k(g) = g**3 + 19*g**2 - 250*g + 15. Calculate k(9).
33
Let o(s) = 69*s + 1125. Calculate o(-16).
21
Let w(z) = 5*z**2 + 42*z - 232. What is w(6)?
200
Let b(z) = -z**3 - 13*z**2 + 29*z - 14. Determine b(-15).
1
Let a(w) = 12*w**2 - w - 23. What is a(0)?
-23
Let z(c) = 33*c - 32. Give z(2).
34
Let b(f) = -15*f - 99. Calculate b(-7).
6
Let r(b) = -173*b - 5192. Calculate r(-30).
-2
Let f(i) = -2*i**3 + 19*i**2 + 7*i + 39. Determine f(9).
183
Let k(o) = 17*o**2 - 12*o + 37. What is k(3)?
154
Let l(g) = 467*g + 15405. Give l(-33).
-6
Let j(u) = 4*u**2 + 60*u + 1. Calculate j(-17).
137
Let q(c) = -2*c**2 - 30*c + 19. Determine q(6).
-233
Let w(n) = n**2 - 82*n + 1689. What is w(42)?
9
Let j(n) = 8*n**2 + 72*n + 76. Give j(-8).
12
Let w(g) = -104*g + 49. Calculate w(1).
-55
Let z(i) = i**3 - 30*i**2 + 38*i + 500. Calculate z(28).
-4
Let k(g) = g**2 + 29*g + 185. Calculate k(-19).
-5
Let m(l) = l**3 + 4*l**2 - 282*l - 869. What is m(-3)?
-14
Let r(v) = v + 96. Give r(-13).
83
Let g(a) = -8*a + 15. What is g(6)?
-33
Let y(b) = -16*b - 801. What is y(-48)?
-33
Let t(v) = 33*v**3 - 1192*v**2 + 147*v - 62. Give t(36).
46
Let y(h) = -689*h + 203. Give y(1).
-486
Let n(r) = -r**3 + 7*r**2 - 10*r. Give n(5).
0
Let z(y) = 298*y + 26528. Calculate z(-89).
6
Let g(o) = -2*o**2 + 350*o + 1062. Give g(-3).
-6
Let v(l) = l**2 - 1150*l + 10263. What is v(9)?
-6
Let p(k) = 2*k**2 - 47*k + 7. Give p(23).
-16
Let h(p) = 4*p**3 + p - 156. What is h(0)?
-156
Let i(j) = -687*j - 1047. Determine i(-2).
327
Let t(u) = -96*u + 6862. Determine t(74).
-242
Let j(d) = 29*d**3 + 126*d**2 - 96*d - 8. What is j(-5)?
-3
Let t(p) = p**2 - 4014*p - 36203. Determine t(-9).
4
Let u(b) = -3*b**3 + 101*b**2 + 34*b + 40. Calculate u(34).
40
Let k(y) = 2*y**3 - 3*y**2 - 20*y + 24. Give k(8).
696
Let o(y) = 20793*y + 103960. What is o(-5)?
-5
Let a(l) = -2*l**2 + 63*l - 267. Determine a(27).
-24
Let a(z) = 8*z + 93. Determine a(-10).
13
Let u(w) = -25*w - 159. Give u(-2).
-109
Let d(b) = 2*b**3 + 173*b**2 + 420*b - 6. Calculate d(-84).
-6
Let g(v) = -3228*v - 48414. What is g(-15)?
6
Let b(g) = g**2 + 20*g + 17. Calculate b(-6).
-67
Let a(h) = 15*h + 136. Give a(-8).
16
Let i(r) = 11*r - 574. Give i(51).
-13
Let x(g) = g**2 + 21*g - 42. Calculate x(-20).
-62
Let z(a) = -a**3 + 89*a**2 - 1801*a + 156. What is z(58)?
-18
Let h(x) = 3*x**2 - 51*x - 175. Give h(-3).
5
Let z(t) = -167*t - 294. What is z(6)?
-1296
Let k(s) = -683*s - 2825. Give k(-4).
-93
Let l(g) = -30*g + 642. Calculate l(22).
-18
Let y(s) = -s**2 - 9*s + 17. Determine y(-7).
31
Let i(s) = -26*s**2 + 204*s - 187. Give i(7).
-33
Let y(l) = -2*l**3 - 10*l**2 - 17*l - 57. Determine y(-3).
-42
Let o(s) = 276*s - 845. What is o(3)?
-17
Let d(a) = 1104*a - 4394. Give d(4).
22
Let t(g) = g**3 + 6*g**2 + 36*g + 416. Calculate t(-8).
0
Let p(k) = -k**3 + 31*k**2 + 27*k + 73. Calculate p(32).
-87
Let s(n) = -2*n**2 - 166*n + 190. Determine s(-85).
-150
Let m(q) = q**3 - 19*q**2 + 26*q + 10. Calculate m(2).
-6
Let p(l) = l**2 + 31*l + 129. Give p(-6).
-21
Let j(v) = 14*v**2 + 4*v + 1. Give j(-2).
49
Let s(o) = 35*o**2 - 737*o - 8. What is s(21)?
-50
Let h(t) = t**2 + 40*t + 66. Determine h(-38).
-10
Let k(j) = j**3 + 11*j**2 + 10*j - 5. Determine k(-8).
107
Let r(f) = -201*f - 1644. What is r(-8)?
-36
Let h(f) = 2*f**3 - 16*f**2 + 25*f - 7. Calculate h(6).
-1
Let y(d) = 7670*d + 46023. Calculate y(-6).
3
Let d(k) = 2*k**2 + 3*k + 1170. Determine d(0).
1170
Let o(d) = d**2 - d - 68. Give o(9).
4
Let g(j) = j**2 - 60*j - 4601. Give g(-44).
-25
Let k(c) = -72*c**2 + 933*c + 30. Calculate k(13).
-9
Let j(q) = 4*q**2 + 70*q - 122. Calculate j(-19).
-8
Let l(v) = -6*v + 189. Calculate l(30).
9
Let y(h) = -3*h**3 + 37*h**2 - 58*h + 137. Give y(11).
-17
Let h(f) = -f**3 - 23*f**2 + 3*f + 4. Calculate h(-23).
-65
Let r(h) = 24*h + 65. What is r(-3)?
-7
Let m(z) = -z**3 + 60*z**2 - 695*z - 365. Give m(44).
31
Let x(i) = -13*i**2 - 418*i + 12. Determine x(-32).
76
Let o(k) = -19*k + 25. Give o(3).
-32
Let r(f) = -f**3 + 15*f**2 - 22*f - 7. Determine r(15).
-337
Let s(r) = -13*r - 22. Give s(5).
-87
Let x(t) = -18*t**2 + 100*t + 197. Determine x(-2).
-75
Let f(l) = -l**2 + 23*l - 120. Give f(12).
12
Let y(t) = 20*t + 503. What is y(-33)?
-157
Let q(l) = -2*l**2 + 83*l - 36. Determine q(13).
705
Let k(o) = -2*o**3 + 7*o**2 + 23*o + 18. Give k(-3).
66
Let o(t) = 6*t**3 + t**2 - 11*t + 58. What is o(4)?
414
Let j(v) = -48*v**2 + 254*v + 252. Give j(-1).
-50
Let x(a) = -54*a - 10. Give x(-2).
98
Let b(m) = 237*m + 1651. What is b(-7)?
-8
Let b(n) = n**3 - 88*n**2 + 843*n + 300. Calculate b(77).
-8
Let j(u) = u**3 - 9*u**2 - 3*u + 53. What is j(11)?
262
Let r(y) = -161*y**2 + 1446*y + 22. Determine r(9).
-5
Let l(s) = -s**2 - 54*s - 296. Determine l(-48).
-8
Let w(y) = -2*y**2 - 16*y + 182. Give w(6).
14
Let z(m) = 3*m**2 + 136*m - 5. What is z(-45)?
-50
Let o(k) = -k**2 + 134*k - 2457. Give o(22).
7
Let f(n) = n**2 + 11*n - 104. What is f(-17)?
-2
Let z(c) = -11*c**2 + 11*c + 11. What is z(3)?
-55
Let m(j) = -15*j - 383. Calculate m(-9).
-248
Let z(j) = 6*j**2 + 45*j - 3742. What is z(-29)?
-1
Let j(f) = -40*f + 2784. Determine j(70).
-16
Let n(c) = 30473*c - 426625. What is n(14)?
-3
Let c(s) = s**3 - 59*s**2 - 50*s - 593. Determine c(60).
7
Let m(p) = -131*p - 1077. Calculate m(-10).
233
Let p(g) = -66*g - 2089. Determine p(-35).
221
Let n(l) = -1003*l - 3003. Determine n(-3).
6
Let m(w) = -7*w**3 - 16*w**2 + 2*w + 23. Determine m(-4).
207
Let s(z) = -25*z + 416. Give s(16).
16
Let p(o) = -o**3 - 10*o**2 - 6*o - 13. What is p(-11)?
174
Let p(u) = u**3 + 167*u**2 - 850*u + 1708. Determine p(-172).
-12
Let t(j) = -10*j**2 + 222*j - 1. Calculate t(22).
43
Let v(u) = -2*u**2 - 4*u - 21. Give v(-5).
-51
Let q(m) = m**2 - 13*m + 18. Calculate q(9).
-18
Let x(n) = n**2 + 2*n + 111. What is x(0)?
111
Let a(g) = 472*g**2 + 438*g - 11. Calculate a(-1).
23
Let b(k) = 2*k**2 + 18*k - 33. Determine b(-9).
-33
Let g(x) = -x**3 + 2*x**2 - 8*x + 63. What is g(5)?
-52
Let k(h) = 4*h**3 + 16*h**2 + 6*h + 184. Give k(-6).
-140
Let c(v) = 2*v**3 - 31*v**2 - 9*v - 50. Give c(16).
62
Let p(x) = 269*x - 1603. What is p(6)?
11
Let a(u) = -62*u + 93. What is a(2)?
-31
Let f(z) = 3*z**2 + 371*z - 2991. Give f(-131).
-109
Let l(f) = f**3 + 13*f**2 - 27*f - 441. Determine l(-12).
27
Let m(a) = 2*a**3 + 6*a**2 - 68*a + 4. Calculate m(6).
244
Let d(t) = 2*t**2 - 90*t + 465. Determine d(6).
-3
Let l(s) = -s**2 - 16*s - 148. Calculate l(-12).
-100
Let v(o) = -115*o - 2179. Give v(-19).
6
Let j(s) = -s**2 + 306*s - 2387. Calculate j(8).
-3
Let m(k) = -3*k**3 + 36*k**2 + 70*k + 61. Calculate m(14).
-135
Let h(t) = 4*t**2 - 20*t + 46. Give h(5).
46
Let d(f) = -f**2 - 7*f + 278. Determine d(-16).
134
Let q(x) = 44819*x - 268920. Determine q(6).
-6
Let p(o) = 3*o**3 - 34*o**2 + 16*o - 44. Calculate p(11).
11
Let p(q) = q**2 - 11*q + 26. Give p(7).
-2
Let z(l) = -l - 38. Calculate z(7).
-45
Let g(n) = 2*n**3 - 105*n**2 + 55*n + 70. Give g(52).
226
Let k(q) = q**2 + 162*q - 1355. Give k(8).
5
Let c(r) = -166*r + 49. Give c(0).
49
Let r(q) = -11*q**2 + 124*q - 30. Determine r(11).
3
Let s(b) = 2*b**3 + 51*b**2 - 70*b + 325. Give s(-27).
28
Let k(f) = 2*f**2 + 57*f + 440. What is k(-10)?
70
Let f(z) = z**3 + 11*z**2 + 4*z - 126. Give f(-9).
0
Let k(t) = 4*t**2 + 621*t - 4542. Give k(7).
1
Let k(v) = 27*v**2 - 1592*v - 50. Determine k(59).
9
Let d(k) = 37*k